, 5, 7
What are the prime factors of 33592?
2, 13, 17, 19
List the prime factors of 16916.
2, 4229
List the prime factors of 84201.
3, 13, 17, 127
What are the prime factors of 125?
5
What are the prime factors of 8381?
17, 29
List the prime factors of 22945.
5, 13, 353
What are the prime factors of 4158?
2, 3, 7, 11
List the prime factors of 1918.
2, 7, 137
What are the prime factors of 8218?
2, 7, 587
What are the prime factors of 15251?
101, 151
List the prime factors of 373.
373
What are the prime factors of 740?
2, 5, 37
List the prime factors of 960.
2, 3, 5
List the prime factors of 8638.
2, 7, 617
List the prime factors of 2711.
2711
List the prime factors of 6108.
2, 3, 509
List the prime factors of 2794.
2, 11, 127
List the prime factors of 15183.
3, 7, 241
What are the prime factors of 2373?
3, 7, 113
List the prime factors of 26345.
5, 11, 479
List the prime factors of 3134.
2, 1567
What are the prime factors of 39999?
3, 67, 199
List the prime factors of 2154.
2, 3, 359
What are the prime factors of 9000?
2, 3, 5
What are the prime factors of 118669?
118669
List the prime factors of 2288.
2, 11, 13
List the prime factors of 969.
3, 17, 19
What are the prime factors of 725?
5, 29
What are the prime factors of 47985?
3, 5, 7, 457
List the prime factors of 2323.
23, 101
What are the prime factors of 3308?
2, 827
What are the prime factors of 38161?
31, 1231
What are the prime factors of 6746?
2, 3373
List the prime factors of 8576.
2, 67
What are the prime factors of 30914?
2, 13, 29, 41
List the prime factors of 5071.
11, 461
What are the prime factors of 159?
3, 53
What are the prime factors of 2345?
5, 7, 67
List the prime factors of 39615.
3, 5, 19, 139
List the prime factors of 1111.
11, 101
What are the prime factors of 1010?
2, 5, 101
What are the prime factors of 1083?
3, 19
What are the prime factors of 2447?
2447
List the prime factors of 7013.
7013
List the prime factors of 17043.
3, 13, 19, 23
What are the prime factors of 106931?
11, 9721
What are the prime factors of 5045?
5, 1009
List the prime factors of 1952.
2, 61
List the prime factors of 2901.
3, 967
List the prime factors of 23858.
2, 79, 151
List the prime factors of 1121.
19, 59
What are the prime factors of 2113?
2113
What are the prime factors of 47922?
2, 3, 7, 163
List the prime factors of 2918.
2, 1459
What are the prime factors of 6394?
2, 23, 139
What are the prime factors of 48166?
2, 24083
What are the prime factors of 3476?
2, 11, 79
What are the prime factors of 53958?
2, 3, 17, 23
What are the prime factors of 2278?
2, 17, 67
What are the prime factors of 6076?
2, 7, 31
What are the prime factors of 34131?
3, 31, 367
What are the prime factors of 4805?
5, 31
What are the prime factors of 2026?
2, 1013
List the prime factors of 2205.
3, 5, 7
List the prime factors of 140.
2, 5, 7
What are the prime factors of 2096?
2, 131
What are the prime factors of 98248?
2, 12281
List the prime factors of 12308.
2, 17, 181
List the prime factors of 107.
107
List the prime factors of 3870.
2, 3, 5, 43
List the prime factors of 28.
2, 7
List the prime factors of 2253.
3, 751
List the prime factors of 7272.
2, 3, 101
List the prime factors of 5815.
5, 1163
List the prime factors of 359.
359
List the prime factors of 6310.
2, 5, 631
What are the prime factors of 44046?
2, 3, 2447
What are the prime factors of 1402?
2, 701
What are the prime factors of 69?
3, 23
What are the prime factors of 1591?
37, 43
What are the prime factors of 14930?
2, 5, 1493
What are the prime factors of 3867?
3, 1289
What are the prime factors of 114863?
7, 61, 269
List the prime factors of 38773.
7, 29, 191
List the prime factors of 16287.
3, 61, 89
What are the prime factors of 63?
3, 7
What are the prime factors of 1829?
31, 59
List the prime factors of 48947.
48947
What are the prime factors of 103920?
2, 3, 5, 433
What are the prime factors of 4803?
3, 1601
What are the prime factors of 11247?
3, 23, 163
What are the prime factors of 9464?
2, 7, 13
What are the prime factors of 9001?
9001
List the prime factors of 14274.
2, 3, 13, 61
What are the prime factors of 3585?
3, 5, 239
What are the prime factors of 756?
2, 3, 7
List the prime factors of 37780.
2, 5, 1889
List the prime factors of 9643.
9643
What are the prime factors of 14178?
2, 3, 17, 139
List the prime factors of 19539.
3, 13, 167
What are the prime factors of 3457?
3457
List the prime factors of 11438.
2, 7, 19, 43
List the prime factors of 169.
13
List the prime factors of 16049.
11, 1459
What are the prime factors of 656?
2, 41
List the prime factors of 33354.
2, 3, 17, 109
List the prime factors of 521.
521
What are the prime factors of 186?
2, 3, 31
List the prime factors of 58.
2, 29
What are the prime factors of 420?
2, 3, 5, 7
What are the prime factors of 44748?
2, 3, 11, 113
What are the prime factors of 704?
2, 11
List the prime factors of 40069.
17, 2357
What are the prime factors of 47994?
2, 3, 19, 421
List the prime factors of 12132.
2, 3, 337
List the prime factors of 1393.
7, 199
List the prime factors of 5236.
2, 7, 11, 17
What are the prime factors of 12488?
2, 7, 223
What are the prime factors of 1007?
19, 53
What are the prime factors of 10840?
2, 5, 271
List the prime factors of 5273.
5273
What are the prime factors of 574?
2, 7, 41
List the prime factors of 99945.
3, 5, 2221
What are the prime factors of 13384?
2, 7, 239
What are the prime factors of 21297?
3, 31, 229
List the prime factors of 142337.
13, 10949
List the prime factors of 4979.
13, 383
List the prime factors of 1913.
1913
List the prime factors of 125382.
2, 3, 20897
What are the prime factors of 9515?
5, 11, 173
List the prime factors of 912.
2, 3, 19
List the prime factors of 18467.
59, 313
List the prime factors of 93192.
2, 3, 11, 353
What are the prime factors of 247?
13, 19
List the prime factors of 95575.
5, 3823
What are the prime factors of 22541?
22541
List the prime factors of 4248.
2, 3, 59
List the prime factors of 1330.
2, 5, 7, 19
What are the prime factors of 3393?
3, 13, 29
What are the prime factors of 3745?
5, 7, 107
List the prime factors of 7548.
2, 3, 17, 37
What are the prime factors of 4961?
11, 41
List the prime factors of 1797.
3, 599
List the prime factors of 17620.
2, 5, 881
What are the prime factors of 285?
3, 5, 19
What are the prime factors of 1949?
1949
What are the prime factors of 35835?
3, 5, 2389
List the prime factors of 36851.
43, 857
What are the prime factors of 2352?
2, 3, 7
List the prime factors of 14980.
2, 5, 7, 107
List the prime factors of 1089.
3, 11
List the prime factors of 2491.
47, 53
What are the prime factors of 60902?
2, 37, 823
List the prime factors of 9035.
5, 13, 139
List the prime factors of 53706.
2, 3, 8951
What are the prime factors of 69969?
3, 83, 281
List the prime factors of 609.
3, 7, 29
What are the prime factors of 9348?
2, 3, 19, 41
What are the prime factors of 13124?
2, 17, 193
List the prime factors of 13472.
2, 421
List the prime factors of 15646.
2, 7823
What are the prime factors of 31452?
2, 3, 2621
What are the prime factors of 91775?
5, 3671
What are the prime factors of 1593?
3, 59
What are the prime factors of 10469?
19, 29
What are the prime factors of 512?
2
List the prime factors of 2268.
2, 3, 7
List the prime factors of 2116.
2, 23
List the prime factors of 20067.
3, 6689
What are the prime factors of 688?
2, 43
List the prime factors of 22191.
3, 13, 569
What are the prime factors of 1633?
23, 71
List the prime factors of 1668.
2, 3, 139
What are the prime factors of 35015?
5, 47, 149
What are the prime factors of 1615?
5, 17, 19
List the prime factors of 26847.
3, 19, 157
What are the prime factors of 5291?
11, 13, 37
List the prime factors of 60749.
13, 4673
List the prime factors of 15884.
2, 11, 19
List the prime factors of 74767.
7, 11, 971
List the prime factors of 34636.
2, 7, 1237
What are the prime factors of 6560?
2, 5, 41
List the prime factors of 10181.
10181
What are the prime factors of 4438?
2, 7, 317
List the prime factors of 7414.
2, 11, 337
What are the prime factors of 589?
19, 31
What are the prime factors of 520?
2, 5, 13
List the prime factors of 1508.
2, 13, 29
List the prime factors of 18.
2, 3
What are the prime factor